ided by 59?
58
What is the remainder when 454804 is divided by 75799?
10
Calculate the remainder when 76634 is divided by 17.
15
Calculate the remainder when 4097016 is divided by 2540.
2536
Calculate the remainder when 664 is divided by 78.
40
What is the remainder when 2998 is divided by 30?
28
What is the remainder when 10041 is divided by 12?
9
What is the remainder when 8217 is divided by 2025?
117
What is the remainder when 24931 is divided by 24906?
25
Calculate the remainder when 1308 is divided by 51.
33
What is the remainder when 7982 is divided by 1993?
10
Calculate the remainder when 545 is divided by 427.
118
What is the remainder when 551 is divided by 22?
1
Calculate the remainder when 510927 is divided by 70.
67
Calculate the remainder when 17705 is divided by 17692.
13
What is the remainder when 27307 is divided by 31?
27
Calculate the remainder when 12713 is divided by 100.
13
Calculate the remainder when 8046 is divided by 23.
19
What is the remainder when 44954 is divided by 14972?
38
What is the remainder when 313737 is divided by 206?
205
What is the remainder when 127798 is divided by 355?
353
What is the remainder when 622495 is divided by 112?
111
What is the remainder when 29145 is divided by 14554?
37
Calculate the remainder when 413840 is divided by 51729.
8
What is the remainder when 95157 is divided by 47572?
13
What is the remainder when 121 is divided by 20?
1
What is the remainder when 6606 is divided by 66?
6
Calculate the remainder when 6992 is divided by 1647.
404
What is the remainder when 4893 is divided by 699?
0
What is the remainder when 50759 is divided by 135?
134
Calculate the remainder when 15607 is divided by 289.
1
Calculate the remainder when 4305 is divided by 75.
30
What is the remainder when 10458 is divided by 2047?
223
Calculate the remainder when 113422 is divided by 17.
15
What is the remainder when 202809 is divided by 7?
5
What is the remainder when 112103 is divided by 555?
548
What is the remainder when 390634 is divided by 16276?
10
What is the remainder when 4809 is divided by 1443?
480
Calculate the remainder when 367195 is divided by 300.
295
Calculate the remainder when 2383 is divided by 214.
29
Calculate the remainder when 8932 is divided by 4460.
12
Calculate the remainder when 2051 is divided by 204.
11
What is the remainder when 328 is divided by 31?
18
Calculate the remainder when 1198 is divided by 392.
22
What is the remainder when 30653 is divided by 1702?
17
Calculate the remainder when 71402 is divided by 1035.
1022
What is the remainder when 42921 is divided by 84?
81
Calculate the remainder when 8134 is divided by 33.
16
What is the remainder when 3448 is divided by 230?
228
What is the remainder when 3519 is divided by 698?
29
Calculate the remainder when 363743 is divided by 90934.
7
What is the remainder when 41346 is divided by 4?
2
What is the remainder when 936765 is divided by 37?
36
Calculate the remainder when 23820 is divided by 297.
60
Calculate the remainder when 134 is divided by 28.
22
Calculate the remainder when 2033 is divided by 332.
41
Calculate the remainder when 19538 is divided by 559.
532
Calculate the remainder when 1372 is divided by 343.
0
Calculate the remainder when 264385 is divided by 628.
625
Calculate the remainder when 2286 is divided by 105.
81
What is the remainder when 415414 is divided by 57?
55
Calculate the remainder when 1150749 is divided by 2.
1
Calculate the remainder when 5424 is divided by 1806.
6
What is the remainder when 136707 is divided by 155?
152
What is the remainder when 519558 is divided by 1968?
6
What is the remainder when 528555 is divided by 47?
40
Calculate the remainder when 60711 is divided by 519.
507
Calculate the remainder when 1227 is divided by 365.
132
Calculate the remainder when 2145 is divided by 88.
33
Calculate the remainder when 11922 is divided by 441.
15
What is the remainder when 298653 is divided by 115?
113
What is the remainder when 111521 is divided by 299?
293
Calculate the remainder when 33782 is divided by 18.
14
What is the remainder when 38794 is divided by 38767?
27
Calculate the remainder when 166659 is divided by 5376.
3
Calculate the remainder when 1140 is divided by 375.
15
Calculate the remainder when 55457 is divided by 19.
15
Calculate the remainder when 16670 is divided by 269.
261
Calculate the remainder when 13583 is divided by 6787.
9
Calculate the remainder when 1363478 is divided by 1532.
1530
What is the remainder when 6420 is divided by 80?
20
What is the remainder when 312754 is divided by 531?
526
What is the remainder when 116299 is divided by 38758?
25
Calculate the remainder when 1231 is divided by 24.
7
Calculate the remainder when 1630 is divided by 33.
13
What is the remainder when 86669 is divided by 186?
179
Calculate the remainder when 4183 is divided by 555.
298
Calculate the remainder when 67259 is divided by 10.
9
Calculate the remainder when 6859 is divided by 154.
83
Calculate the remainder when 89594 is divided by 29862.
8
What is the remainder when 2621163 is divided by 379?
378
What is the remainder when 25443 is divided by 980?
943
Calculate the remainder when 556 is divided by 122.
68
Calculate the remainder when 72515 is divided by 8051.
56
What is the remainder when 290 is divided by 255?
35
Calculate the remainder when 2764 is divided by 908.
40
Calculate the remainder when 82548 is divided by 8254.
8
Calculate the remainder when 10718 is divided by 64.
30
Calculate the remainder when 153145 is divided by 201.
184
What is the remainder when 3790213 is divided by 13?
11
What is the remainder when 10975 is divided by 323?
316
What is the remainder when 461170 is divided by 140?
10
What is the remainder when 9219 is divided by 242?
23
What is the remainder when 76857 is divided by 114?
21
Calculate the remainder when 7735 is divided by 243.
202
Calculate the remainder when 82610 is divided by 189.
17
Calculate the remainder when 50915 is divided by 12725.
15
Calculate the remainder when 221084 is divided by 564.
560
Calculate the remainder when 17213 is divided by 265.
253
What is the remainder when 420359 is divided by 2123?
5
What is the remainder when 6188 is divided by 1078?
798
Calculate the remainder when 821001 is divided by 22189.
8
What is the remainder when 161334 is divided by 20166?
6
Calculate the remainder when 440654 is divided by 188.
170
What is the remainder when 2608 is divided by 647?
20
Calculate the remainder when 309 is divided by 21.
15
Calculate the remainder when 51415 is divided by 61.
53
Calculate the remainder when 13493 is divided by 6634.
225
What is the remainder when 21789 is divided by 726?
9
Calculate the remainder when 778882 is divided by 63.
13
What is the remainder when 28497 is divided by 342?
111
Calculate the remainder when 394516 is divided by 282.
280
What is the remainder when 166016 is divided by 177?
167
What is the remainder when 1574 is divided by 26?
14
What is the remainder when 6742 is divided by 19?
16
Calculate the remainder when 103687 is divided by 682.
23
What is the remainder when 13749 is divided by 334?
55
Calculate the remainder when 15716 is divided by 127.
95
Calculate the remainder when 4535 is divided by 2265.
5
What is the remainder when 127230 is divided by 128?
126
Calculate the remainder when 15649 is divided by 711.
7
What is the remainder when 45049 is divided by 170?
169
What is the remainder when 1319 is divided by 243?
104
Calculate the remainder when 28936 is divided by 21.
19
What is the remainder when 29997 is divided by 3262?
639
Calculate the remainder when 4255 is divided by 278.
85
What is the remainder when 80442 is divided by 269?
11
What is the remainder when 17248 is divided by 2136?
160
Calculate the remainder when 8214 is divided by 201.
174
Calculate the remainder when 87864 is divided by 162.
60
What is the remainder when 21775 is divided by 345?
40
Calculate the remainder when 455069 is divided by 151682.
23
Calculate the remainder when 13419 is divided by 3321.
135
Calculate the remainder when 184076 is divided by 26296.
4
What is the remainder when 39548 is divided by 520?
28
Calculate the remainder when 5021 is divided by 1677.
1667
Calculate the rema